 Let h(z) = 2*z**2 + 2*z. Calculate h(c).
4
Let y(g) = g**3 - 1. Suppose 5*n - 35 = 5*t, 5*t + n + 11 = -0*t. Let i be (-2)/(-4)*(-2 - -2). Let o be (-1 - i)*(-2 - t). Give y(o).
-2
Let l(b) = -6*b**3 + 5*b + 4. Let i be l(-1). Let q(m) be the first derivative of -m**3/3 + 5*m**2/2 - 7*m - 4. What is q(i)?
-7
Let c = -19 + 13. Let f(r) = -2*r - 2. Let t be f(-2). Let w(k) = 4*k**2 + 3*k**t - 3 - 6*k**2 + 5*k. Determine w(c).
3
Let w(o) = o**3 + 7*o**2 - 17*o + 24. Let i be w(-9). Let v(a) = -i + 37 + a - 14. Determine v(-7).
1
Let x = 11 - 8. Suppose -x*l = -8*l + 25. Let s(p) be the third derivative of -p**5/60 + 5*p**4/24 + 5*p**3/6 - 1394*p**2. Calculate s(l).
5
Let v(s) = -688*s + 1375*s - 2 - 686*s. What is v(7)?
5
Let i(y) = y - 24. Let r be i(28). Let q(b) = -2*b + r*b - 7*b + 2. Give q(3).
-13
Let x(p) = -5*p - 43. Let d be x(-7). Let b(a) = -a**2 - 7*a + 2. What is b(d)?
-6
Suppose -26 = -6*k + 10. Let i be (-4)/(-12) + (-32)/k. Let t(z) = -2*z**2 - 12*z - 9. Let q(p) = p**2 + 6*p + 4. Let x(s) = -5*q(s) - 2*t(s). Determine x(i).
3
Suppose n - 7 = 2*j, 3*j = 3*n - 7 - 14. Suppose 2*a = -4, n*f - 5*a - 13 = 4*f. Let h(y) = -8*y - 4 - 3*y - 2 + 5. Give h(f).
-12
Let d(a) be the first derivative of a**2/2 + 5*a - 1. Suppose -856*f + 310 = -918*f. Give d(f).
0
Let z be -1 + -4 - -4 - -22. Suppose -6*t - z = -9*t. Let j(q) = q - 4. Determine j(t).
3
Suppose 3*z = 8*z - 45. Let p(f) be the third derivative of -f**6/120 + f**5/6 - 5*f**4/12 + 3*f**3/2 + 3*f**2. Give p(z).
0
Let j(c) = -c**2 - 6*c + 7. Let y(x) = -4*x. Let f be y(-2). Suppose -2*w - 22 = -f. What is j(w)?
0
Let s(l) be the second derivative of l**5/20 + l**4/12 - 5*l**3/6 - l**2 - 3*l. Let a = -4 - -6. Suppose 12 = -a*d - 2*d. Determine s(d).
-5
Let c(i) = -9*i**3 - 2*i**2 - i. Let q be -4 + 2 - 3/(-3)*1. What is c(q)?
8
Let h(g) be the third derivative of g**6/40 + g**4/12 - g**3/6 - 2*g**2. Let o be h(1). Let p(q) = 0*q**2 + 4*q**2 - 3 + 1 - q**3. Give p(o).
-2
Let b(i) = -7*i**3 + 2*i**2 - 12*i + 5. Let o(x) = -x**3 - x**2 - x + 1. Let u(v) = b(v) - 6*o(v). Suppose 91 = -0*p + 13*p. Calculate u(p).
6
Let a(k) be the first derivative of -3*k**2 + 4 - 4*k + 3*k**2 + k**2 - 3. Let w = 8 + -2. Determine a(w).
8
Let o = -52 + 106. Let a(z) = -2 - 2 + 58*z - o*z. What is a(5)?
16
Let k = 960 + -958. Let m(u) = 3*u**2 + 8*u + 5. Let q(y) = 5*y**2 + 15*y + 9. Let i = 3 - -1. Let n(p) = i*q(p) - 7*m(p). Give n(k).
5
Let a(x) = 221 - 8*x + x**3 - 8*x**2 - 213 + 2*x**2. Let l(n) = -6*n + 8*n - 5*n + 1. Let i be l(-2). What is a(i)?
1
Let h(a) = -1 - 10 - 1 + 20*a + 11. Let i be -6 - (-119)/21 - (-2)/(-3). Calculate h(i).
-21
Let x = -21 - -21. Suppose -3*g - 2*l + 6 = -0*g, x = -4*l. Suppose 2*i - 4*b + 8 = -g*b, -2*b + 3 = 3*i. Let z(c) = -10*c**2 - 1. Give z(i).
-11
Let z(q) = -q**3 + 4*q**2 - 3*q - 3. Suppose 3*v + 18 = 81. Let p be ((-12)/v)/((-5)/35). What is z(p)?
-15
Let o(f) = -2*f**2 - 24*f - 2. Let y = 592 - 604. Give o(y).
-2
Let o be -3*((-4)/(-4))/(12/(-16)). Let u(h) = h**3 + 3*h**2 + 8*h + 7*h**2 - 5*h**2 + o*h**2 - 2. Calculate u(-8).
-2
Let g(x) be the second derivative of -x**5/20 + 5*x**4/12 + 13*x**3/6 + 4*x**2 - 70*x. Give g(7).
1
Let x(u) be the second derivative of -u**3/6 - 8*u**2 - 7*u + 52. What is x(-4)?
-12
Let v(z) be the third derivative of z**5/60 + z**4/24 + 3*z**3/2 + 3*z**2. Let c be 3/1 + (-20)/(-1). Suppose 0 = 2*r + 2*w - 10, 8 - c = -3*w. Give v(r).
9
Let f(d) = d**2 + 3*d - 11. Suppose -5 + 0 = u - 3*v, 20 = -4*u + 2*v. Determine f(u).
-1
Let z(r) = 36*r + 1 - 17*r + 4*r**2 - 17*r. What is z(-2)?
13
Let i(g) = -g - 7. Let w(u) = 4*u - 10. Let b be w(5). Suppose -2*a + 4 + b = 0. Determine i(a).
-14
Let r be -2*1/6*-9. Suppose r*o + 4 + 2 = 0. Let c(v) = v**3 + v**2 - 1. Let x(p) = 5*p**3 + 4*p**2 - 3*p - 9. Let s(j) = -6*c(j) + x(j). Calculate s(o).
3
Let i(d) = -20*d**2 + 1. Let h = 199 - 200. What is i(h)?
-19
Let t = -4 - 1. Suppose 2 = 5*w - 8. Let o(n) = 2 - 1 + 7*n + 1 + 1 + n**w. What is o(t)?
-7
Let x(t) = t**2 + 12*t + 8. Suppose -r = 4*r - 5*o + 50, -3*r = -o + 32. Calculate x(r).
-3
Let z(q) = -3*q + 4. Suppose 2*x - 4 = -0*x. Let o = -2 + x. Suppose -3*g = 5*i, i = -o*i - 2*g - 7. Give z(i).
-5
Let g(x) = 3*x**2 - 7*x + 7. Let w(i) = -i + 1. Let n(q) = -g(q) + 6*w(q). Suppose -11*s + 10*s - 2*a = -1, 0 = 5*a. What is n(s)?
-3
Let x(u) = 3*u - 9. Let z(t) = 2*t - 13. Let w be z(11). Determine x(w).
18
Let o(s) = 4*s - 6*s**2 + 22 - 15 + s**3 - 12 + s. What is o(5)?
-5
Let f(r) = 122*r + 3 - 119*r - 11. What is f(6)?
10
Suppose j + 4*n - 8 = 5*j, 5*n = -4*j - 26. Let l = 4 + -1. Let x(w) = 5*w - 3*w**2 - 3 - w**l - 3*w + 2*w. Calculate x(j).
-3
Let c = 1516 + -1509. Let d(q) = -5*q + 9 + 14*q**2 - 2*q - 2*q**3 + 0*q. Let l(y) = y**3 - 7*y**2 + 4*y - 4. Let k(t) = 3*d(t) + 5*l(t). Determine k(c).
0
Suppose 5*h = 15, 9 = -7*c + 2*c + 3*h. Suppose -i + 4 = 4*k, c*i + 4*i + 16 = 0. Let o(r) = k*r**2 - r**2 + 3 - 2*r**2 + 0*r + 3*r. What is o(5)?
-7
Let w(q) = 3*q**2 + 2*q - 1. Suppose 13*d + 129 = -30*d. Calculate w(d).
20
Let w(n) = n**3 - n**2 - 3*n + 3. Suppose 56*h - 53*h = 429. Let f = h + -140. Calculate w(f).
12
Let s(g) = -g**3 + 4*g**2 + 8*g + 1. Let l(u) = 31*u + 2*u**3 - 4*u**2 - 48*u - 4*u**2 - 1 + 0*u**2. Let b(d) = -2*l(d) - 5*s(d). Calculate b(5).
-8
Let s(n) = 4*n + 1 - 1 + 4 - 7. Let j = -6 - -3. Calculate s(j).
-15
Let p(o) be the third derivative of o**7/840 + o**6/60 - 7*o**4/24 - 29*o**3/6 - o**2. Let u(m) be the first derivative of p(m). What is u(-6)?
-7
Let n(i) be the second derivative of 0 + 1/2*i**2 - 1/3*i**4 - 1/3*i**3 - i. Let a be (4/(-14))/((-14)/49). Calculate n(a).
-5
Let i = -278 - -281. Let y(n) be the third derivative of 0 + 0*n + 1/120*n**6 - 1/24*n**4 - 4*n**2 - 1/6*n**i - 1/12*n**5. What is y(5)?
-6
Let i(y) = -y**2 + y - 4. Let p(g) = -g**2 + 2*g - 6. Let b(d) = -7*i(d) + 5*p(d). Suppose -l + 7 + 5 = 5*q, q = -l + 4. Calculate b(q).
12
Suppose 165 = -45*v - 60. Let w(j) = j**2 + 4*j - 1. Calculate w(v).
4
Let w(y) = y**2 - 7*y + 5. Suppose -4*d - 9 = 7. Let z be (-36)/(-8) - (-2 + (-6)/d). Calculate w(z).
-5
Suppose -1002 + 97 = 181*m. Let g(i) = 5 + 3*i - 2*i**2 + 3*i**2 + 0*i**2. Calculate g(m).
15
Let d(i) be the third derivative of 1/3*i**3 + 0*i + 1/6*i**4 - 5*i**2 + 0. Let k(w) = -11*w - 7. Let u(z) = -8*d(z) - 3*k(z). What is u(-6)?
-1
Let w(h) = -7*h - 23. Suppose 0 = 3*d - 0*d - 3*q, 0 = -2*d - 2*q - 12. Determine w(d).
-2
Let p be (-6)/(-4) + 24/(-16). Suppose p*b + 4*b - 16 = 0. Let f(v) = -6 - 80*v - 4 + 2 + 81*v. What is f(b)?
-4
Suppose -8*h - 54 = -142. Let o = -5 + h. Let t(u) = u**2 - 5*u - 1. Determine t(o).
5
Let f(d) be the third derivative of d**5/60 + 3*d**4/8 - 2*d**3/3 + 34*d**2 - 2. Calculate f(-8).
-12
Let q(z) be the third derivative of z**5/20 - 19*z**2 - 11. Suppose 5*w - 5 = -0*w. Determine q(w).
3
Let u(l) be the second derivative of l**6/120 + l**5/12 + l**4/12 + l**3/6 + 19*l**2/2 + 2*l. Let j(g) be the first derivative of u(g). Determine j(-4).
9
Let o(h) be the first derivative of 5*h**2/2 + 2*h - 40. Calculate o(-4).
-18
Let h(m) = -175*m + 74*m - 22 - 13*m**2 - 3*m**3 + 82*m + 2*m**3 - 6*m**2. Determine h(-18).
-4
Let o(t) = -2*t - 4. Let v = 18 + -44. Let b = 22 + v. Give o(b).
4
Let g(y) be the first derivative of y**2/2 + 7*y - 1. Suppose 43*b = 41*b - 38. Let z(j) = -j**3 - 18*j**2 + 20*j + 14. Let s be z(b). Calculate g(s).
2
Let n(s) = 4*s**2 - 3*s**3 + 5*s**3 - 1 - s**2 - 2*s**2. Let f(p) = -p**2 - 8*p + 7. Let i be f(-9). Let k be (-24)/13 + i/13. Determine n(k).
-13
Let m = -302 - -303. Let h(k) = 10*k. Calculate h(m).
10
Let k = -5363/3 - -1788. Let t(b) be the second derivative of -k*b**3 + 0 - 14*b + 0*b**2. Calculate t(-3).
6
Let a(k) = -5*k**2 + 4*k - 1. Let j = 8 - 7. Let w(h) = -10*h**2 - j - h**2 + 5*h**2 + 6*h - 2*h. Let c(d) = -7*a(d) + 6*w(d). Calculate c(-5).
-4
Let b(t) = -4*t**2 + 10*t + t - 3*t - 4*t**2 + 2*t**2 + 2*t**3 - 2. Determine b(2).
6
Let h(b) = b**2 + 3*b + 2. Let t(r) = -3*r**2 - 10*r - 11. Let c(s) = -4*h(s) - t(s). Suppose 0 = p + m, -3*p - 8 = -0*p + m. Calculate c(p).
-5
Let y(x) = -x - 8. Suppose -5*l - 10 = 5*t, -2*t = -l - l + 16. Suppose 4*j = -l*f + 39, -2 = -2*j - 2*f + 20. Determine y(j).
-14
Let j(a) = a**2 - 6*